1192800.
20
What is the highest common divisor of 4 and 17469216?
4
What is the highest common divisor of 180336 and 5002816?
208
Calculate the highest common factor of 115754397 and 55.
11
What is the highest common factor of 1235 and 781527?
19
Calculate the greatest common factor of 314641665 and 12675.
2535
What is the highest common factor of 634340 and 1316?
28
Calculate the greatest common divisor of 7979525 and 414732.
2033
What is the highest common factor of 29773 and 244169?
19
What is the greatest common factor of 2631 and 293631001?
877
What is the highest common divisor of 16 and 6862712?
8
Calculate the highest common factor of 3507 and 74816.
1169
Calculate the highest common divisor of 36 and 169366023.
9
What is the highest common factor of 5284 and 85865?
1321
Calculate the highest common factor of 92375 and 8562054.
739
What is the greatest common factor of 1025865 and 1831359?
7599
What is the highest common divisor of 761 and 219107881?
761
What is the highest common divisor of 1458 and 636342?
6
What is the highest common divisor of 219 and 178770?
3
What is the highest common factor of 68047341 and 4138?
2069
What is the highest common divisor of 666287072 and 1056?
352
What is the highest common divisor of 5268 and 21613287?
1317
Calculate the highest common factor of 16036 and 74632.
76
Calculate the greatest common divisor of 3181408 and 16.
16
What is the highest common factor of 44018013 and 156?
39
Calculate the greatest common divisor of 9007965 and 99.
9
Calculate the highest common divisor of 56784 and 98106528.
8112
What is the greatest common factor of 859071 and 25809?
3687
Calculate the greatest common divisor of 69982 and 6754.
22
Calculate the highest common divisor of 531 and 2095585659.
531
What is the highest common factor of 136 and 4123486?
34
Calculate the greatest common divisor of 539759878 and 29358.
3262
Calculate the greatest common factor of 146208516 and 276.
276
Calculate the greatest common factor of 35549601 and 867.
867
Calculate the greatest common divisor of 20805286 and 20242.
698
Calculate the highest common divisor of 10003858 and 5564.
214
Calculate the highest common divisor of 1419 and 421400.
43
What is the highest common divisor of 8678270 and 2320?
10
Calculate the greatest common factor of 906 and 50001838.
302
What is the highest common divisor of 6608 and 2078496?
112
Calculate the greatest common factor of 1645654 and 2546.
134
What is the highest common divisor of 7113 and 14382?
3
What is the highest common factor of 13153924 and 8652?
2884
Calculate the greatest common factor of 2234 and 620744825.
1117
What is the highest common divisor of 17 and 26185406?
17
What is the greatest common factor of 362959734 and 46?
46
Calculate the highest common factor of 24676329 and 5955.
1191
What is the highest common factor of 777 and 1069411?
259
Calculate the highest common factor of 6256 and 2458217.
391
What is the highest common divisor of 199829 and 399?
7
What is the highest common factor of 26639 and 12719339?
1567
What is the greatest common divisor of 27789921 and 99?
9
What is the highest common divisor of 844640 and 114560?
160
What is the greatest common factor of 1568 and 79911209?
49
Calculate the greatest common divisor of 1432 and 1050193.
179
What is the highest common divisor of 75474824 and 8?
8
What is the greatest common factor of 75984 and 3660?
12
Calculate the greatest common factor of 19789 and 2444365.
77
Calculate the greatest common divisor of 289 and 15992393.
289
Calculate the greatest common factor of 980928 and 27607464.
9432
Calculate the greatest common factor of 30312058 and 14.
14
Calculate the greatest common factor of 2368890 and 3840.
30
Calculate the greatest common factor of 33492353 and 59.
59
Calculate the greatest common divisor of 6841 and 4580986717.
6841
What is the highest common factor of 8248236 and 228?
12
Calculate the greatest common factor of 468 and 281848710.
78
What is the highest common divisor of 1110 and 206090?
370
Calculate the highest common factor of 26098653 and 36519.
777
What is the greatest common factor of 968664 and 243?
3
What is the highest common factor of 1605225 and 3825?
1275
Calculate the highest common factor of 1189169 and 13156.
23
Calculate the highest common factor of 21560 and 19426.
22
Calculate the greatest common factor of 2562738184 and 2342.
2342
Calculate the highest common divisor of 486 and 1081056.
6
Calculate the greatest common divisor of 2380 and 224476.
28
Calculate the greatest common divisor of 37455 and 1731783.
681
Calculate the highest common divisor of 87020832 and 60008.
4616
What is the highest common divisor of 105 and 115453095?
15
Calculate the greatest common factor of 13261768 and 8619.
2873
Calculate the highest common factor of 6621378 and 2346.
138
Calculate the highest common factor of 19863000 and 74400.
600
What is the highest common factor of 577668 and 37128?
1092
What is the greatest common factor of 805946085 and 2565?
2565
Calculate the greatest common factor of 20581578 and 56358.
1818
What is the highest common factor of 2847 and 12736386?
39
Calculate the greatest common divisor of 240 and 5907120.
240
What is the highest common divisor of 40755 and 1637515?
1045
Calculate the highest common divisor of 2204720 and 800.
80
What is the highest common factor of 68 and 334005545?
17
Calculate the greatest common factor of 323337 and 987.
21
What is the greatest common divisor of 16996 and 18278591?
607
What is the highest common divisor of 190397784 and 4104?
456
What is the highest common divisor of 13983094 and 1684?
842
Calculate the highest common factor of 998757 and 1791.
9
Calculate the greatest common factor of 2244 and 406846.
22
What is the greatest common factor of 904139 and 329?
47
Calculate the highest common factor of 45247 and 1643.
1
What is the highest common factor of 1435 and 1416485?
35
Calculate the greatest common divisor of 343783 and 429.
11
What is the greatest common factor of 12 and 2117333016?
12
What is the highest common factor of 16683 and 1017462?
201
Calculate the greatest common divisor of 1898305 and 13915.
115
What is the greatest common divisor of 5829 and 490253874?
5829
Calculate the greatest common divisor of 1782 and 1535292.
198
What is the greatest common factor of 66485 and 30280?
5
Calculate the greatest common divisor of 134071 and 4601.
107
What is the greatest common divisor of 30050 and 2395586?
1202
Calculate the greatest common factor of 71847 and 4688682.
2661
Calculate the greatest common factor of 1422859 and 6973.
367
Calculate the greatest common factor of 8740 and 6620740.
380
Calculate the greatest common divisor of 1035609523 and 7774.
3887
Calculate the highest common factor of 28 and 383698.
14
What is the greatest common factor of 2883176 and 29149?
103
Calculate the highest common factor of 41 and 53669779.
41
Calculate the greatest common factor of 69 and 1659726.
69
Calculate the highest common divisor of 21696136 and 9240.
616
Calculate the greatest common divisor of 533902 and 243253.
697
Calculate the highest common factor of 52114276 and 52.
4
What is the highest common factor of 83646855 and 45?
45
What is the greatest common factor of 24718362 and 38634?
822
What is the greatest common divisor of 305032932 and 7688?
3844
Calculate the highest common divisor of 1098507 and 183.
3
What is the highest common factor of 5066 and 288734137?
2533
What is the highest common factor of 33049547 and 1887?
629
What is the highest common divisor of 213896 and 3200?
8
Calculate the highest common factor of 5831 and 160896449.
833
Calculate the greatest common divisor of 25496687 and 2075.
83
What is the greatest common factor of 52792 and 75670733?
6599
Calculate the highest common factor of 3947277 and 261.
87
What is the greatest common factor of 8309455 and 165?
55
Calculate the highest common divisor of 15 and 17953370.
5
What is the highest common factor of 5983536 and 67596?
516
Calculate the greatest common factor of 250 and 6403970.
10
Calculate the greatest common divisor of 507 and 187123053.
507
What is the greatest common factor of 95669070 and 58890?
4530
What is the greatest common factor